{"id":1858,"date":"2019-09-04T19:24:39","date_gmt":"2019-09-04T19:24:39","guid":{"rendered":"http:\/\/karolinavendeghaz.hu\/?page_id=1858"},"modified":"2022-09-30T20:44:29","modified_gmt":"2022-09-30T20:44:29","slug":"szobaink","status":"publish","type":"page","link":"https:\/\/karolinavendeghaz.hu\/?page_id=1858","title":{"rendered":"Apartmanok"},"content":{"rendered":"\t\t<div data-elementor-type=\"wp-page\" data-elementor-id=\"1858\" class=\"elementor elementor-1858\">\n\t\t\t\t\t\t<div class=\"elementor-inner\">\n\t\t\t\t<div class=\"elementor-section-wrap\">\n\t\t\t\t\t\t\t\t\t<section class=\"elementor-section elementor-top-section elementor-element elementor-element-71f330c2 elementor-section-boxed elementor-section-height-default elementor-section-height-default\" data-id=\"71f330c2\" data-element_type=\"section\">\n\t\t\t\t\t\t<div class=\"elementor-container elementor-column-gap-default\">\n\t\t\t\t\t\t\t<div class=\"elementor-row\">\n\t\t\t\t\t<div class=\"elementor-column elementor-col-100 elementor-top-column elementor-element elementor-element-428e57c8\" data-id=\"428e57c8\" data-element_type=\"column\">\n\t\t\t<div class=\"elementor-column-wrap elementor-element-populated\">\n\t\t\t\t\t\t\t<div class=\"elementor-widget-wrap\">\n\t\t\t\t\t\t<div class=\"elementor-element elementor-element-134ac237 elementor-widget elementor-widget-text-editor\" data-id=\"134ac237\" data-element_type=\"widget\" data-widget_type=\"text-editor.default\">\n\t\t\t\t<div class=\"elementor-widget-container\">\n\t\t\t\t\t\t\t\t<div class=\"elementor-text-editor elementor-clearfix\">\n\t\t\t\t<!-- wp:paragraph -->\n<p>Ez egy k\u00fcl\u00f6nleges hely&#8230; A Karolina Vend\u00e9gh\u00e1z a d\u00e9l-alf\u00f6ld\u00f6n, Szentesen, egy kis ig\u00e9nyesen \u00e1talak\u00edtott \u00f6regh\u00e1zb\u00f3l \u00e1ll.<\/p>\n<!-- \/wp:paragraph --><!-- wp:paragraph -->\n<p>Karolina Vend\u00e9gh\u00e1znak a \u00a035 m2-es Vintage apartmana olyan, mint egy \u00e9kszeresdoboz \u2013 b\u00e1r apr\u00f3, m\u00e9gis telis tele van finom sz\u00e9ps\u00e9gekkel. Ahogy bel\u00e9p\u00fcnk, el\u0151sz\u00f6r a konyh\u00e1t l\u00e1tjuk meg, ami egyszer\u0171 m\u00e9gis teljes m\u00e9rt\u00e9kben alkalmas f\u0151z\u00e9sre. A nappaliba l\u00e9pve egy n\u00e9gyszem\u00e9lyes \u00e9tkez\u0151asztal, egy karossz\u00e9k szolg\u00e1lj\u00e1k a nappali k\u00e9nyelmet, letisztult vonalaival j\u00f3l megf\u00e9r a helyis\u00e9g m\u00e1s funkci\u00f3ival. A francia\u00e1gy mellett k\u00e9nyelmesen elf\u00e9r egy baba\u00e1gy is.<br \/><br \/>A 35 m2-es Country apartman egyszerre romantikus f\u00e9szek, ide\u00e1lis egy bab\u00e1val \u00e9rkez\u0151 p\u00e1rnak is. Egy t\u00e1gas h\u00e1l\u00f3szoba \u00e9s ezzel egybenyitott f\u00fcrd\u0151szoba f\u00e9rt el, melyben a jellegzetes Carolina Cottage design hat\u00e1rozza meg a f\u00fcrd\u0151szoba hangulat\u00e1t.<\/p>\n<!-- \/wp:paragraph --><!-- wp:paragraph --><!-- \/wp:paragraph --><!-- wp:paragraph -->\n<p>A Farmhouse-nak az egyszob\u00e1s lakoszt\u00e1ly\u00e1ba ahogy bel\u00e9p\u00fcnk el\u0151sz\u00f6r a konyh\u00e1t l\u00e1tjuk meg , ami egyszer\u0171, vid\u00e9kies vonalaival j\u00f3l megf\u00e9r a helys\u00e9g m\u00e1s funkci\u00f3ival. A t\u00e1gas szob\u00e1ban k\u00e9t egyszem\u00e9lyes \u00e1gy v\u00e1rja a pihenni v\u00e1gy\u00f3kat, de francia\u00e1ggy\u00e1 is tudjuk alak\u00edtani. A szob\u00e1b\u00f3l ny\u00edlik a tusol\u00f3val ell\u00e1tott k\u00fcl\u00f6n f\u00fcrd\u0151szoba.<br \/><br \/>A h\u00e1z bels\u0151 ter\u00e9t egy veranda eg\u00e9sz\u00edti ki kerti b\u00fatorokkal, grills\u00fct\u0151vel.<br \/><br \/>A Farmhouse-nak a k\u00e9t szob\u00e1s lakoszt\u00e1ly\u00e1hoz vid\u00e9kies, rusztikus konyha tartozik \u00e9tkez\u0151 sarokkal. A k\u00e9t szob\u00e1s lakoszt\u00e1ly f\u00fcrd\u0151szob\u00e1val egyar\u00e1nt kedvence p\u00e1roknak \u00e9s csal\u00e1doknak.<br \/><br \/>A szob\u00e1b\u00f3l ny\u00edlik a tusol\u00f3val ell\u00e1tott k\u00fcl\u00f6n f\u00fcrd\u0151szoba. A h\u00e1z el\u0151tti veranda ide\u00e1lis helysz\u00edne lehet ny\u00e1resti vacsor\u00e1knak. Ha s\u00fct\u00f6getni t\u00e1mad kedv\u00fcnk, akkor term\u00e9szetesen ide is tartozik grills\u00fct\u0151. A h\u00e1zban ingyenes a wifi.<br \/><br \/>Az apartmanok kertj\u00e9t fut\u00f3r\u00f3zsa, lilaak\u00e1c, gy\u00f6ngyvir\u00e1g \u00e9s tem\u00e9rdek m\u00e1s vir\u00e1gz\u00f3 n\u00f6v\u00e9ny d\u00edsz\u00edti. A fedett teraszra nagy naps\u00fct\u00e9sben vagy es\u0151ben h\u00faz\u00f3dhatunk be. <\/p>\n<!-- \/wp:paragraph -->\t\t\t\t\t<\/div>\n\t\t\t\t\t\t<\/div>\n\t\t\t\t<\/div>\n\t\t\t\t\t\t<\/div>\n\t\t\t\t\t<\/div>\n\t\t<\/div>\n\t\t\t\t\t\t\t\t<\/div>\n\t\t\t\t\t<\/div>\n\t\t<\/section>\n\t\t\t\t<section class=\"elementor-section elementor-top-section elementor-element elementor-element-e312c39 elementor-section-boxed elementor-section-height-default elementor-section-height-default\" data-id=\"e312c39\" data-element_type=\"section\">\n\t\t\t\t\t\t<div class=\"elementor-container elementor-column-gap-default\">\n\t\t\t\t\t\t\t<div class=\"elementor-row\">\n\t\t\t\t\t<div class=\"elementor-column elementor-col-100 elementor-top-column elementor-element elementor-element-1c1d12a\" data-id=\"1c1d12a\" data-element_type=\"column\">\n\t\t\t<div class=\"elementor-column-wrap elementor-element-populated\">\n\t\t\t\t\t\t\t<div class=\"elementor-widget-wrap\">\n\t\t\t\t\t\t<div class=\"elementor-element elementor-element-780b1ba elementor-widget elementor-widget-html\" data-id=\"780b1ba\" data-element_type=\"widget\" data-widget_type=\"html.default\">\n\t\t\t\t<div class=\"elementor-widget-container\">\n\t\t\t<!-- Global site tag (gtag.js) - Google Analytics -->\n<script async src=\"https:\/\/www.googletagmanager.com\/gtag\/js?id=UA-152527419-1\"><\/script>\n<script>\n  window.dataLayer = window.dataLayer || [];\n  function gtag(){dataLayer.push(arguments);}\n  gtag('js', new Date());\n\n  gtag('config', 'UA-152527419-1');\n<\/script>\n\t\t<\/div>\n\t\t\t\t<\/div>\n\t\t\t\t\t\t<\/div>\n\t\t\t\t\t<\/div>\n\t\t<\/div>\n\t\t\t\t\t\t\t\t<\/div>\n\t\t\t\t\t<\/div>\n\t\t<\/section>\n\t\t\t\t\t\t\t\t\t<\/div>\n\t\t\t<\/div>\n\t\t\t\t\t<\/div>\n\t\t","protected":false},"excerpt":{"rendered":"<p>Ez egy k\u00fcl\u00f6nleges hely&#8230; A Karolina Vend\u00e9gh\u00e1z a d\u00e9l-alf\u00f6ld\u00f6n, Szentesen, egy kis ig\u00e9nyesen \u00e1talak\u00edtott \u00f6regh\u00e1zb\u00f3l \u00e1ll. Karolina Vend\u00e9gh\u00e1znak a \u00a035 m2-es Vintage apartmana olyan, mint egy \u00e9kszeresdoboz \u2013 b\u00e1r apr\u00f3, m\u00e9gis telis tele van finom sz\u00e9ps\u00e9gekkel. Ahogy bel\u00e9p\u00fcnk, el\u0151sz\u00f6r a&#8230;<\/p>\n","protected":false},"author":1,"featured_media":0,"parent":0,"menu_order":0,"comment_status":"closed","ping_status":"closed","template":"","meta":[],"_links":{"self":[{"href":"https:\/\/karolinavendeghaz.hu\/index.php?rest_route=\/wp\/v2\/pages\/1858"}],"collection":[{"href":"https:\/\/karolinavendeghaz.hu\/index.php?rest_route=\/wp\/v2\/pages"}],"about":[{"href":"https:\/\/karolinavendeghaz.hu\/index.php?rest_route=\/wp\/v2\/types\/page"}],"author":[{"embeddable":true,"href":"https:\/\/karolinavendeghaz.hu\/index.php?rest_route=\/wp\/v2\/users\/1"}],"replies":[{"embeddable":true,"href":"https:\/\/karolinavendeghaz.hu\/index.php?rest_route=%2Fwp%2Fv2%2Fcomments&post=1858"}],"version-history":[{"count":16,"href":"https:\/\/karolinavendeghaz.hu\/index.php?rest_route=\/wp\/v2\/pages\/1858\/revisions"}],"predecessor-version":[{"id":2452,"href":"https:\/\/karolinavendeghaz.hu\/index.php?rest_route=\/wp\/v2\/pages\/1858\/revisions\/2452"}],"wp:attachment":[{"href":"https:\/\/karolinavendeghaz.hu\/index.php?rest_route=%2Fwp%2Fv2%2Fmedia&parent=1858"}],"curies":[{"name":"wp","href":"https:\/\/api.w.org\/{rel}","templated":true}]}}