{"id":2016,"date":"2019-09-29T20:12:57","date_gmt":"2019-09-29T20:12:57","guid":{"rendered":"http:\/\/karolinavendeghaz.hu\/?page_id=2016"},"modified":"2024-11-22T19:12:19","modified_gmt":"2024-11-22T19:12:19","slug":"arak-es-foglalas-2","status":"publish","type":"page","link":"https:\/\/karolinavendeghaz.hu\/?page_id=2016","title":{"rendered":"Foglal\u00e1s"},"content":{"rendered":"\n<p class=\"has-text-align-center has-vivid-red-color has-text-color has-medium-font-size\">Foglal\u00e1s lead\u00e1sa el\u0151tt k\u00e9rj\u00fck olvassa\/fogadja el, az<br> <strong><a href=\"https:\/\/karolinavendeghaz.hu\/?page_id=3\">Adatkezel\u00e9si t\u00e1j\u00e9koztat\u00f3t<\/a>,<\/strong> \u00e9s az <strong><a href=\"https:\/\/karolinavendeghaz.hu\/?page_id=2249\">\u00c1ltal\u00e1nos Szerz\u0151d\u00e9si Felt\u00e9teleket<\/a>. <\/strong><\/p>\n\n\n\n<p>A foglal\u00e1s menete:<\/p>\n\n\n\n<ul><li>V\u00e1lassza ki a leg\u00f6rd\u00fcl\u0151 list\u00e1b\u00f3l az Apartmant.<\/li><li>A napt\u00e1rban jel\u00f6lje be a lefoglaland\u00f3 napokat.<\/li><li>A jobb oldalon tal\u00e1lhat\u00f3 \u0171rlap kit\u00f6lt\u00e9s\u00e9t k\u00f6vet\u0151en, a &#8220;K\u00fcld\u00e9s&#8221; gombra kattintva k\u00fcldheti el foglal\u00e1s\u00e1t.<\/li><\/ul>\n\n\n\n<div class=\"wp-block-booking-booking\"><div class='wpbc_only_calendar wpbc_container'><div id='calendar_booking_unselectable1'><\/div><span ><div style=\"clear:both;height:10px;\"><\/div><div class=\"wpbc_calendar_wraper wpbc_change_over_triangle\"><div class=\"wpbc_cal_container bk_calendar_frame wpbc_no_custom_width  months_num_in_row_ cal_month_num_3 wpbc_timeslot_day_bg_as_available\" style=\"\"><div id=\"calendar_booking1\">Napt\u00e1r bet\u00f6lt\u00e9se<\/div><\/div><textarea id=\"date_booking1\" name=\"date_booking1\" autocomplete=\"off\" style=\"display:none;\"><\/textarea><div class=\"block_hints datepick \"><div class=\"wpdev_hint_with_text\"><div class=\"block_free datepick-days-cell\"><a>&nbsp;<\/a><\/div><div class=\"block_text\">- <\/div><div class=\"block_text\">El\u00e9rhet\u0151<\/div><\/div><div class=\"wpdev_hint_with_text\"><div class=\"block_booked date_approved\">&nbsp;<\/div><div class=\"block_text\">- <\/div><div class=\"block_text\">Lefoglalva<\/div><\/div><div class=\"wpdev_hint_with_text\"><div class=\"block_pending date2approve\">&nbsp;<\/div><div class=\"block_text\">- <\/div><div class=\"block_text\">F\u00fcgg\u0151<\/div><\/div><\/div><\/div> <script type=\"text\/javascript\"> (function() { var a = setInterval( function() {  if ( ( 'undefined' === typeof jQuery ) || ! window.jQuery ) { return; } clearInterval( a ); jQuery( document ).ready( function (){ _wpbc.balancer__set_max_threads( 3 );  _wpbc.calendar__set_param_value( 1 , 'calendar_scroll_to' , false );  _wpbc.calendar__set_param_value( 1 , 'booking_max_monthes_in_calendar' , '1y' );  _wpbc.calendar__set_param_value( 1 , 'booking_start_day_weeek' , '1' );  _wpbc.calendar__set_param_value( 1 , 'calendar_number_of_months' , '3' );   _wpbc.calendar__set_param_value( 1, 'days_select_mode', 'multiple' );   _wpbc.calendar__set_param_value( 1, 'fixed__days_num', 0 );   _wpbc.calendar__set_param_value( 1, 'fixed__week_days__start',   [] );   _wpbc.calendar__set_param_value( 1, 'dynamic__days_min', 0 );   _wpbc.calendar__set_param_value( 1, 'dynamic__days_max', 0 );   _wpbc.calendar__set_param_value( 1, 'dynamic__days_specific',    [] );   _wpbc.calendar__set_param_value( 1, 'dynamic__week_days__start', [] );   _wpbc.calendar__set_param_value( 1, 'booking_date_format', 'Y.m.d' );   _wpbc.calendar__set_param_value( 1, 'booking_time_format', 'H:i' );   if ( 'function' === typeof ( wpbc__conditions__SAVE_INITIAL__days_selection_params__bm ) ){ wpbc__conditions__SAVE_INITIAL__days_selection_params__bm( 1 ); }   wpbc_calendar_show( '1' );   _wpbc.set_secure_param( 'nonce',   'ff18fa1b7b' );   _wpbc.set_secure_param( 'user_id', '0' );   _wpbc.set_secure_param( 'locale',  'hu_HU' );  wpbc_calendar__load_data__ajx( {\"resource_id\":1,\"booking_hash\":\"\",\"request_uri\":\"\\\/index.php?rest_route=%2Fwp%2Fv2%2Fpages%2F2016\",\"custom_form\":\"standard\",\"aggregate_resource_id_str\":\"\",\"aggregate_type\":\"all\"} ); } ); }, 500 ); })();<\/script><\/span><\/div><\/div>\n","protected":false},"excerpt":{"rendered":"<p>Foglal\u00e1s lead\u00e1sa el\u0151tt k\u00e9rj\u00fck olvassa\/fogadja el, az Adatkezel\u00e9si t\u00e1j\u00e9koztat\u00f3t, \u00e9s az \u00c1ltal\u00e1nos Szerz\u0151d\u00e9si Felt\u00e9teleket. A foglal\u00e1s menete: V\u00e1lassza ki a leg\u00f6rd\u00fcl\u0151 list\u00e1b\u00f3l az Apartmant. A napt\u00e1rban jel\u00f6lje be a lefoglaland\u00f3 napokat. A jobb oldalon tal\u00e1lhat\u00f3 \u0171rlap kit\u00f6lt\u00e9s\u00e9t k\u00f6vet\u0151en, a &#8220;K\u00fcld\u00e9s&#8221;&#8230;<\/p>\n","protected":false},"author":1,"featured_media":0,"parent":0,"menu_order":0,"comment_status":"closed","ping_status":"closed","template":"","meta":[],"_links":{"self":[{"href":"https:\/\/karolinavendeghaz.hu\/index.php?rest_route=\/wp\/v2\/pages\/2016"}],"collection":[{"href":"https:\/\/karolinavendeghaz.hu\/index.php?rest_route=\/wp\/v2\/pages"}],"about":[{"href":"https:\/\/karolinavendeghaz.hu\/index.php?rest_route=\/wp\/v2\/types\/page"}],"author":[{"embeddable":true,"href":"https:\/\/karolinavendeghaz.hu\/index.php?rest_route=\/wp\/v2\/users\/1"}],"replies":[{"embeddable":true,"href":"https:\/\/karolinavendeghaz.hu\/index.php?rest_route=%2Fwp%2Fv2%2Fcomments&post=2016"}],"version-history":[{"count":55,"href":"https:\/\/karolinavendeghaz.hu\/index.php?rest_route=\/wp\/v2\/pages\/2016\/revisions"}],"predecessor-version":[{"id":2511,"href":"https:\/\/karolinavendeghaz.hu\/index.php?rest_route=\/wp\/v2\/pages\/2016\/revisions\/2511"}],"wp:attachment":[{"href":"https:\/\/karolinavendeghaz.hu\/index.php?rest_route=%2Fwp%2Fv2%2Fmedia&parent=2016"}],"curies":[{"name":"wp","href":"https:\/\/api.w.org\/{rel}","templated":true}]}}